{"id":1052,"date":"2025-08-12T16:31:42","date_gmt":"2025-08-12T14:31:42","guid":{"rendered":"https:\/\/www.geist-heidelberg.de\/de\/?post_type=persons&#038;p=1052"},"modified":"2025-08-12T16:31:42","modified_gmt":"2025-08-12T14:31:42","slug":"wolfgang-ketterle","status":"publish","type":"persons","link":"https:\/\/www.geist-heidelberg.de\/de\/persons\/wolfgang-ketterle","title":{"rendered":"Wolfgang Ketterle\u202f"},"content":{"rendered":"<p><span class=\"TextRun SCXW118208113 BCX0\" lang=\"DE-DE\" xml:lang=\"DE-DE\" data-contrast=\"auto\"><span class=\"NormalTextRun SCXW118208113 BCX0\">erhielt f\u00fcr seine herausragende Forschung auf dem Gebiet der Quantenphysik, insbesondere f\u00fcr die Erzeugung des Bose-Einstein-Kondensats, den Nobelpreis f\u00fcr Physik. Er lehrt und forscht am MIT in Boston, USA.<\/span><\/span><\/p>\n","protected":false},"featured_media":1053,"menu_order":0,"template":"","categories":[],"tags":[],"class_list":["post-1052","persons","type-persons","status-publish","has-post-thumbnail","hentry"],"yoast_head":"<!-- This site is optimized with the Yoast SEO plugin v26.6 - https:\/\/yoast.com\/wordpress\/plugins\/seo\/ -->\n<title>Wolfgang Ketterle\u202f - Geist Heidelberg Deutsch<\/title>\n<meta name=\"robots\" content=\"index, follow, max-snippet:-1, max-image-preview:large, max-video-preview:-1\" \/>\n<link rel=\"canonical\" href=\"https:\/\/www.geist-heidelberg.de\/de\/persons\/wolfgang-ketterle\" \/>\n<meta property=\"og:locale\" content=\"de_DE\" \/>\n<meta property=\"og:type\" content=\"article\" \/>\n<meta property=\"og:title\" content=\"Wolfgang Ketterle\u202f - Geist Heidelberg Deutsch\" \/>\n<meta property=\"og:description\" content=\"erhielt f\u00fcr seine herausragende Forschung auf dem Gebiet der Quantenphysik, insbesondere f\u00fcr die Erzeugung des Bose-Einstein-Kondensats, den Nobelpreis f\u00fcr Physik. Er lehrt und forscht am MIT in Boston, USA.\" \/>\n<meta property=\"og:url\" content=\"https:\/\/www.geist-heidelberg.de\/de\/persons\/wolfgang-ketterle\" \/>\n<meta property=\"og:site_name\" content=\"Geist Heidelberg Deutsch\" \/>\n<meta property=\"og:image\" content=\"https:\/\/www.geist-heidelberg.de\/de\/wp-content\/uploads\/sites\/2\/2025\/08\/191109-Ketterle-sc-9.jpg\" \/>\n\t<meta property=\"og:image:width\" content=\"203\" \/>\n\t<meta property=\"og:image:height\" content=\"203\" \/>\n\t<meta property=\"og:image:type\" content=\"image\/jpeg\" \/>\n<meta name=\"twitter:card\" content=\"summary_large_image\" \/>\n<script type=\"application\/ld+json\" class=\"yoast-schema-graph\">{\"@context\":\"https:\/\/schema.org\",\"@graph\":[{\"@type\":\"WebPage\",\"@id\":\"https:\/\/www.geist-heidelberg.de\/de\/persons\/wolfgang-ketterle\",\"url\":\"https:\/\/www.geist-heidelberg.de\/de\/persons\/wolfgang-ketterle\",\"name\":\"Wolfgang Ketterle\u202f - Geist Heidelberg Deutsch\",\"isPartOf\":{\"@id\":\"https:\/\/www.geist-heidelberg.de\/de\/#website\"},\"primaryImageOfPage\":{\"@id\":\"https:\/\/www.geist-heidelberg.de\/de\/persons\/wolfgang-ketterle#primaryimage\"},\"image\":{\"@id\":\"https:\/\/www.geist-heidelberg.de\/de\/persons\/wolfgang-ketterle#primaryimage\"},\"thumbnailUrl\":\"https:\/\/www.geist-heidelberg.de\/de\/wp-content\/uploads\/sites\/2\/2025\/08\/191109-Ketterle-sc-9.jpg\",\"datePublished\":\"2025-08-12T14:31:42+00:00\",\"breadcrumb\":{\"@id\":\"https:\/\/www.geist-heidelberg.de\/de\/persons\/wolfgang-ketterle#breadcrumb\"},\"inLanguage\":\"de\",\"potentialAction\":[{\"@type\":\"ReadAction\",\"target\":[\"https:\/\/www.geist-heidelberg.de\/de\/persons\/wolfgang-ketterle\"]}]},{\"@type\":\"ImageObject\",\"inLanguage\":\"de\",\"@id\":\"https:\/\/www.geist-heidelberg.de\/de\/persons\/wolfgang-ketterle#primaryimage\",\"url\":\"https:\/\/www.geist-heidelberg.de\/de\/wp-content\/uploads\/sites\/2\/2025\/08\/191109-Ketterle-sc-9.jpg\",\"contentUrl\":\"https:\/\/www.geist-heidelberg.de\/de\/wp-content\/uploads\/sites\/2\/2025\/08\/191109-Ketterle-sc-9.jpg\",\"width\":203,\"height\":203,\"caption\":\"Foto: Sarina Chamatova\"},{\"@type\":\"BreadcrumbList\",\"@id\":\"https:\/\/www.geist-heidelberg.de\/de\/persons\/wolfgang-ketterle#breadcrumb\",\"itemListElement\":[{\"@type\":\"ListItem\",\"position\":1,\"name\":\"Startseite\",\"item\":\"https:\/\/www.geist-heidelberg.de\/de\/\"},{\"@type\":\"ListItem\",\"position\":2,\"name\":\"Pers\u00f6nlichkeiten\",\"item\":\"https:\/\/www.geist-heidelberg.de\/de\/persoenlichkeiten\"},{\"@type\":\"ListItem\",\"position\":3,\"name\":\"Wolfgang Ketterle\u202f\"}]},{\"@type\":\"WebSite\",\"@id\":\"https:\/\/www.geist-heidelberg.de\/de\/#website\",\"url\":\"https:\/\/www.geist-heidelberg.de\/de\/\",\"name\":\"Geist Heidelberg Deutsch\",\"description\":\"International Science Festival\",\"potentialAction\":[{\"@type\":\"SearchAction\",\"target\":{\"@type\":\"EntryPoint\",\"urlTemplate\":\"https:\/\/www.geist-heidelberg.de\/de\/?s={search_term_string}\"},\"query-input\":{\"@type\":\"PropertyValueSpecification\",\"valueRequired\":true,\"valueName\":\"search_term_string\"}}],\"inLanguage\":\"de\"}]}<\/script>\n<!-- \/ Yoast SEO plugin. -->","yoast_head_json":{"title":"Wolfgang Ketterle\u202f - Geist Heidelberg Deutsch","robots":{"index":"index","follow":"follow","max-snippet":"max-snippet:-1","max-image-preview":"max-image-preview:large","max-video-preview":"max-video-preview:-1"},"canonical":"https:\/\/www.geist-heidelberg.de\/de\/persons\/wolfgang-ketterle","og_locale":"de_DE","og_type":"article","og_title":"Wolfgang Ketterle\u202f - Geist Heidelberg Deutsch","og_description":"erhielt f\u00fcr seine herausragende Forschung auf dem Gebiet der Quantenphysik, insbesondere f\u00fcr die Erzeugung des Bose-Einstein-Kondensats, den Nobelpreis f\u00fcr Physik. Er lehrt und forscht am MIT in Boston, USA.","og_url":"https:\/\/www.geist-heidelberg.de\/de\/persons\/wolfgang-ketterle","og_site_name":"Geist Heidelberg Deutsch","og_image":[{"width":203,"height":203,"url":"https:\/\/www.geist-heidelberg.de\/de\/wp-content\/uploads\/sites\/2\/2025\/08\/191109-Ketterle-sc-9.jpg","type":"image\/jpeg"}],"twitter_card":"summary_large_image","schema":{"@context":"https:\/\/schema.org","@graph":[{"@type":"WebPage","@id":"https:\/\/www.geist-heidelberg.de\/de\/persons\/wolfgang-ketterle","url":"https:\/\/www.geist-heidelberg.de\/de\/persons\/wolfgang-ketterle","name":"Wolfgang Ketterle\u202f - Geist Heidelberg Deutsch","isPartOf":{"@id":"https:\/\/www.geist-heidelberg.de\/de\/#website"},"primaryImageOfPage":{"@id":"https:\/\/www.geist-heidelberg.de\/de\/persons\/wolfgang-ketterle#primaryimage"},"image":{"@id":"https:\/\/www.geist-heidelberg.de\/de\/persons\/wolfgang-ketterle#primaryimage"},"thumbnailUrl":"https:\/\/www.geist-heidelberg.de\/de\/wp-content\/uploads\/sites\/2\/2025\/08\/191109-Ketterle-sc-9.jpg","datePublished":"2025-08-12T14:31:42+00:00","breadcrumb":{"@id":"https:\/\/www.geist-heidelberg.de\/de\/persons\/wolfgang-ketterle#breadcrumb"},"inLanguage":"de","potentialAction":[{"@type":"ReadAction","target":["https:\/\/www.geist-heidelberg.de\/de\/persons\/wolfgang-ketterle"]}]},{"@type":"ImageObject","inLanguage":"de","@id":"https:\/\/www.geist-heidelberg.de\/de\/persons\/wolfgang-ketterle#primaryimage","url":"https:\/\/www.geist-heidelberg.de\/de\/wp-content\/uploads\/sites\/2\/2025\/08\/191109-Ketterle-sc-9.jpg","contentUrl":"https:\/\/www.geist-heidelberg.de\/de\/wp-content\/uploads\/sites\/2\/2025\/08\/191109-Ketterle-sc-9.jpg","width":203,"height":203,"caption":"Foto: Sarina Chamatova"},{"@type":"BreadcrumbList","@id":"https:\/\/www.geist-heidelberg.de\/de\/persons\/wolfgang-ketterle#breadcrumb","itemListElement":[{"@type":"ListItem","position":1,"name":"Startseite","item":"https:\/\/www.geist-heidelberg.de\/de\/"},{"@type":"ListItem","position":2,"name":"Pers\u00f6nlichkeiten","item":"https:\/\/www.geist-heidelberg.de\/de\/persoenlichkeiten"},{"@type":"ListItem","position":3,"name":"Wolfgang Ketterle\u202f"}]},{"@type":"WebSite","@id":"https:\/\/www.geist-heidelberg.de\/de\/#website","url":"https:\/\/www.geist-heidelberg.de\/de\/","name":"Geist Heidelberg Deutsch","description":"International Science Festival","potentialAction":[{"@type":"SearchAction","target":{"@type":"EntryPoint","urlTemplate":"https:\/\/www.geist-heidelberg.de\/de\/?s={search_term_string}"},"query-input":{"@type":"PropertyValueSpecification","valueRequired":true,"valueName":"search_term_string"}}],"inLanguage":"de"}]}},"_links":{"self":[{"href":"https:\/\/www.geist-heidelberg.de\/de\/wp-json\/wp\/v2\/persons\/1052","targetHints":{"allow":["GET"]}}],"collection":[{"href":"https:\/\/www.geist-heidelberg.de\/de\/wp-json\/wp\/v2\/persons"}],"about":[{"href":"https:\/\/www.geist-heidelberg.de\/de\/wp-json\/wp\/v2\/types\/persons"}],"wp:featuredmedia":[{"embeddable":true,"href":"https:\/\/www.geist-heidelberg.de\/de\/wp-json\/wp\/v2\/media\/1053"}],"wp:attachment":[{"href":"https:\/\/www.geist-heidelberg.de\/de\/wp-json\/wp\/v2\/media?parent=1052"}],"wp:term":[{"taxonomy":"category","embeddable":true,"href":"https:\/\/www.geist-heidelberg.de\/de\/wp-json\/wp\/v2\/categories?post=1052"},{"taxonomy":"post_tag","embeddable":true,"href":"https:\/\/www.geist-heidelberg.de\/de\/wp-json\/wp\/v2\/tags?post=1052"}],"curies":[{"name":"wp","href":"https:\/\/api.w.org\/{rel}","templated":true}]}}

<p><span class="TextRun SCXW118208113 BCX0" lang="DE-DE" xml:lang="DE-DE" data-contrast="auto"><span class="NormalTextRun SCXW118208113 BCX0">erhielt für seine herausragende Forschung auf dem Gebiet der Quantenphysik, insbesondere für die Erzeugung des Bose-Einstein-Kondensats, den Nobelpreis für Physik. Er lehrt und forscht am MIT in Boston, USA.</span></span></p>

<!-- This site is optimized with the Yoast SEO plugin v26.6 - https://yoast.com/wordpress/plugins/seo/ -->
<title>Wolfgang Ketterle  - Geist Heidelberg Deutsch</title>
<meta name="robots" content="index, follow, max-snippet:-1, max-image-preview:large, max-video-preview:-1" />
<link rel="canonical" href="https://www.geist-heidelberg.de/de/persons/wolfgang-ketterle" />
<meta property="og:locale" content="de_DE" />
<meta property="og:type" content="article" />
<meta property="og:title" content="Wolfgang Ketterle  - Geist Heidelberg Deutsch" />
<meta property="og:description" content="erhielt für seine herausragende Forschung auf dem Gebiet der Quantenphysik, insbesondere für die Erzeugung des Bose-Einstein-Kondensats, den Nobelpreis für Physik. Er lehrt und forscht am MIT in Boston, USA." />
<meta property="og:url" content="https://www.geist-heidelberg.de/de/persons/wolfgang-ketterle" />
<meta property="og:site_name" content="Geist Heidelberg Deutsch" />
<meta property="og:image" content="https://www.geist-heidelberg.de/de/wp-content/uploads/sites/2/2025/08/191109-Ketterle-sc-9.jpg" />
	<meta property="og:image:width" content="203" />
	<meta property="og:image:height" content="203" />
	<meta property="og:image:type" content="image/jpeg" />
<meta name="twitter:card" content="summary_large_image" />
<script type="application/ld+json" class="yoast-schema-graph">{"@context":"https://schema.org","@graph":[{"@type":"WebPage","@id":"https://www.geist-heidelberg.de/de/persons/wolfgang-ketterle","url":"https://www.geist-heidelberg.de/de/persons/wolfgang-ketterle","name":"Wolfgang Ketterle  - Geist Heidelberg Deutsch","isPartOf":{"@id":"https://www.geist-heidelberg.de/de/#website"},"primaryImageOfPage":{"@id":"https://www.geist-heidelberg.de/de/persons/wolfgang-ketterle#primaryimage"},"image":{"@id":"https://www.geist-heidelberg.de/de/persons/wolfgang-ketterle#primaryimage"},"thumbnailUrl":"https://www.geist-heidelberg.de/de/wp-content/uploads/sites/2/2025/08/191109-Ketterle-sc-9.jpg","datePublished":"2025-08-12T14:31:42+00:00","breadcrumb":{"@id":"https://www.geist-heidelberg.de/de/persons/wolfgang-ketterle#breadcrumb"},"inLanguage":"de","potentialAction":[{"@type":"ReadAction","target":["https://www.geist-heidelberg.de/de/persons/wolfgang-ketterle"]}]},{"@type":"ImageObject","inLanguage":"de","@id":"https://www.geist-heidelberg.de/de/persons/wolfgang-ketterle#primaryimage","url":"https://www.geist-heidelberg.de/de/wp-content/uploads/sites/2/2025/08/191109-Ketterle-sc-9.jpg","contentUrl":"https://www.geist-heidelberg.de/de/wp-content/uploads/sites/2/2025/08/191109-Ketterle-sc-9.jpg","width":203,"height":203,"caption":"Foto: Sarina Chamatova"},{"@type":"BreadcrumbList","@id":"https://www.geist-heidelberg.de/de/persons/wolfgang-ketterle#breadcrumb","itemListElement":[{"@type":"ListItem","position":1,"name":"Startseite","item":"https://www.geist-heidelberg.de/de/"},{"@type":"ListItem","position":2,"name":"Persönlichkeiten","item":"https://www.geist-heidelberg.de/de/persoenlichkeiten"},{"@type":"ListItem","position":3,"name":"Wolfgang Ketterle "}]},{"@type":"WebSite","@id":"https://www.geist-heidelberg.de/de/#website","url":"https://www.geist-heidelberg.de/de/","name":"Geist Heidelberg Deutsch","description":"International Science Festival","potentialAction":[{"@type":"SearchAction","target":{"@type":"EntryPoint","urlTemplate":"https://www.geist-heidelberg.de/de/?s={search_term_string}"},"query-input":{"@type":"PropertyValueSpecification","valueRequired":true,"valueName":"search_term_string"}}],"inLanguage":"de"}]}</script>
<!-- / Yoast SEO plugin. -->

erhielt für seine herausragende Forschung auf dem Gebiet der Quantenphysik, insbesondere für die Erzeugung des Bose-Einstein-Kondensats, den Nobelpreis für Physik. Er lehrt und forscht am MIT in Boston, USA.

Persönlichkeiten
